What is the millions digit of 497877308?
7
What is the tens digit of 125027956?
5
What is the hundred thousands digit of 1521813185?
8
What is the units digit of 36326819?
9
What is the units digit of 80067618?
8
What is the units digit of 22291521?
1
What is the ten millions digit of 1946266079?
4
What is the ten millions digit of 182393360?
8
What is the tens digit of 124409320?
2
What is the hundred millions digit of 112799154?
1
What is the tens digit of 309123333?
3
What is the millions digit of 45649507?
5
What is the units digit of 25025486?
6
What is the thousands digit of 588499566?
9
What is the hundred millions digit of 183426449?
1
What is the tens digit of 1857744319?
1
What is the ten thousands digit of 3352886149?
8
What is the millions digit of 40067172?
0
What is the tens digit of 6074476283?
8
What is the hundred thousands digit of 214597581?
5
What is the ten thousands digit of 839799701?
9
What is the ten thousands digit of 2079409705?
0
What is the hundreds digit of 974063593?
5
What is the tens digit of 140820063?
6
What is the units digit of 584980572?
2
What is the hundred thousands digit of 118601032?
6
What is the units digit of 909466721?
1
What is the ten millions digit of 132513454?
3
What is the units digit of 14640925?
5
What is the ten thousands digit of 535545539?
4
What is the hundreds digit of 2090207521?
5
What is the hundred thousands digit of 198198172?
1
What is the millions digit of 36287905?
6
What is the hundred thousands digit of 799590685?
5
What is the millions digit of 184402362?
4
What is the tens digit of 7123811?
1
What is the hundred thousands digit of 160938101?
9
What is the ten thousands digit of 195376590?
7
What is the thousands digit of 3659756924?
6
What is the units digit of 202818181?
1
What is the tens digit of 22090919?
1
What is the ten thousands digit of 133030138?
3
What is the hundred thousands digit of 811697835?
6
What is the hundred millions digit of 1578555145?
5
What is the hundred thousands digit of 393092404?
0
What is the hundred thousands digit of 4153188194?
1
What is the tens digit of 434152959?
5
What is the units digit of 244483039?
9
What is the thousands digit of 2347873580?
3
What is the millions digit of 35798601?
5
What is the units digit of 53965737?
7
What is the units digit of 3118002781?
1
What is the thousands digit of 645657762?
7
What is the units digit of 44328983?
3
What is the millions digit of 5109478147?
9
What is the ten millions digit of 53014458?
5
What is the ten millions digit of 2801402190?
0
What is the units digit of 87243731?
1
What is the millions digit of 44254345?
4
What is the units digit of 92576447?
7
What is the units digit of 129608856?
6
What is the millions digit of 1159036291?
9
What is the thousands digit of 195922594?
2
What is the units digit of 815565551?
1
What is the billions digit of 5189676762?
5
What is the ten thousands digit of 6384102113?
0
What is the hundred thousands digit of 2866765984?
7
What is the ten thousands digit of 2247731880?
3
What is the units digit of 396051453?
3
What is the tens digit of 628780163?
6
What is the ten millions digit of 16649017?
1
What is the millions digit of 132072777?
2
What is the millions digit of 101830073?
1
What is the hundred thousands digit of 1759527510?
5
What is the ten thousands digit of 27173664?
7
What is the units digit of 686741705?
5
What is the tens digit of 548003686?
8
What is the ten thousands digit of 722645778?
4
What is the ten thousands digit of 49799798?
9
What is the ten thousands digit of 5697115?
9
What is the thousands digit of 34470769?
0
What is the hundreds digit of 174806873?
8
What is the thousands digit of 2177326097?
6
What is the hundred millions digit of 202924447?
2
What is the billions digit of 1580328826?
1
What is the ten thousands digit of 94073135?
7
What is the ten thousands digit of 153123087?
2
What is the ten thousands digit of 33760824?
6
What is the millions digit of 49684048?
9
What is the hundreds digit of 1051112314?
3
What is the units digit of 54748027?
7
What is the hundred thousands digit of 235256911?
2
What is the units digit of 427530883?
3
What is the hundred millions digit of 3954691322?
9
What is the tens digit of 49350323?
2
What is the ten millions digit of 870498657?
7
What is the ten millions digit of 203799014?
0
What is the millions digit of 30780720?
0
What is the tens digit of 72715336?
3
What is the hundred millions digit of 596858706?
5
What is the ten millions digit of 71452715?
7
What is the units digit of 28814983?
3
What is the hundreds digit of 170092415?
4
What is the ten millions digit of 223884084?
2
What is the ten thousands digit of 9629479?
2
What is the units digit of 124642963?
3
What is the hundreds digit of 1609621?
6
What is the billions digit of 4734303933?
4
What is the hundred thousands digit of 47883273?
8
What is the units digit of 882763?
3
What is the hundreds digit of 6613711132?
1
What is the millions digit of 273503467?
3
What is the units digit of 414739132?
2
What is the billions digit of 1754245873?
1
What is the thousands digit of 6079701?
9
What is the ten millions digit of 96981484?
9
What is the units digit of 19925006?
6
What is the tens digit of 57777647?
4
What is the tens digit of 5052667422?
2
What is the ten millions digit of 373280510?
7
What is the billions digit of 3530552660?
3
What is the hundred millions digit of 122228604?
1
What is the ten millions digit of 62643915?
6
What is the ten millions digit of 43380194?
4
What is the millions digit of 93863711?
3
What is the ten millions digit of 689618829?
8
What is the ten thousands digit of 152465768?
6
What is the hundred thousands digit of 303154045?
1
What is the units digit of 174289319?
9
What is the tens digit of 10938351?
5
What is the units digit of 96615121?
1
What is the ten millions digit of 1196316163?
9
What is the ten thousands digit of 4168024?
6
What is the billions digit of 3619173605?
3
What is the millions digit of 15616332?
5
What is the ten millions digit of 33896545?
3
What is the hundred millions digit of 471962354?
4
What is the hundreds digit of 165699288?
2
What is the ten millions digit of 847668944?
4
What is the tens digit of 91302408?
0
What is the units digit of 295891306?
6
What is the hundreds digit of 2625017936?
9
What is the thousands digit of 1061490635?
0
What is the tens digit of 41506217?
1
What is the ten thousands digit of 419163674?
6
What is the tens digit of 4388704929?
2
What is the units digit of 502207302?
2
What is the units digit of 50148019?
9
What is the ten thousands digit of 548959893?
5
What is the ten thousands digit of 55174106?
7
What is the millions digit of 3908815478?
8
What is the ten thousands digit of 104674762?
7
What is the millions digit of 273945722?
3
What is the thousands digit of 3323208502?
8
What is the hundreds digit of 160028310?
3
What is the thousands digit of 1992837843?
7
What is the tens digit of 131257474?
7
What is the billions digit of 3135811775?
3
What is the ten millions digit of 7924186196?
2
What is the tens digit of 5914183485?
8
What is the units digit of 2422125052?
2
What is the hundred thousands digit of 144557083?
5
What is the ten millions digit of 232262802?
3
What is the ten millions digit of 31395484?
3
What is the tens digit of 813518191?
9
What is the billions digit of 1213193153?
1
What is the hundred thousands digit of 104256832?
2
What is the billions digit of 1355920309?
1
What is the tens digit of 83856051?
5
What is the millions digit of 96841479?
6
What is the millions digit of 1654894517?
4
What is the hundreds digit of 31297497?
4
What is the units digit of 2354005318?
8
What is the ten millions digit of 796964381?
9
What is the hundred millions digit of 1123235271?
1
What is the tens digit of 260626452?
5
What is the tens digit of 7560313?
1
What is the thousands digit of 437985?
7
What is the thousands digit of 114644973?
4
What is the ten thousands digit of 499595428?
9
What is the billions digit of 3217892268?
3
What is the hundreds digit of 120673824?
8
What is the hundred thousands digit of 13556352?
5
What is the millions digit of 1007748662?
7
What is the hundred millions digit of 1042372583?
0
What i